*54/(-45))/(39/52) prime?
False
Let j = 156876 - 94375. Is j composite?
False
Let s be (-24)/(-6) - (-1 + 3 + 2). Suppose s = -2*b - b + 5721. Is b prime?
True
Suppose 5*x = 3*v - 11, 0 = x + 4*x - v + 17. Let i = 9 + x. Suppose i*c - 727 = -u, 0 = 2*c - 5*c - 5*u + 445. Is c prime?
False
Suppose 5*x + 5*k = 58955, -8*x - 4*k - 47188 = -12*x. Is x composite?
True
Let m(s) be the second derivative of s**4/24 + 13*s**3/3 - 3*s**2 - 9*s. Let l(z) be the first derivative of m(z). Is l(7) prime?
False
Let p be 16/56 + 6*(-4)/(-14). Suppose -4*q + 20 = 0, p*i + 3*i = 2*q + 9415. Suppose 4*a = -a + i. Is a prime?
False
Suppose 3*n - l - 332 = 0, -5*n = 3*l - 0*l - 558. Let i = n + -115. Is ((-1010)/i - 2)/((-6)/(-8)) composite?
True
Is (-287636)/(-44) - 11/(1089/18) a prime number?
False
Suppose 0 = -133*j + 126*j + 1466241. Is j prime?
False
Let o(r) = 39*r**2 + 38*r + 477. Is o(-22) composite?
False
Let x = 1008682 + -402269. Is x a composite number?
False
Suppose 0 = 16*g - 18*g + 6. Suppose -1319 = l + 4*n - 108, g*l = -3*n - 3624. Let z = 1848 + l. Is z composite?
False
Let k(o) = 27*o - 145. Let z be k(6). Suppose 0 = z*j - 11*j - 35526. Is j prime?
False
Is (-31847)/((-96)/(-64)*2/(-111)) prime?
False
Let f = -65746 + 96633. Is f a composite number?
True
Let l(x) = x**3 + 20*x**2 - 2*x - 2. Let j be l(-13). Let k = -346 + j. Let y = k - 508. Is y prime?
True
Is ((-178225)/2)/(-5)*((-1328)/(-80) - -7) a composite number?
True
Let r(v) = v**3 - 1 + 4 - v**2 + 3 + 5*v. Suppose 4256*k = 4252*k + 20. Is r(k) a composite number?
False
Let d be 12/16*(-20)/(-5). Suppose a = d + 3. Suppose z = a*z - 1255. Is z composite?
False
Suppose 9*t = -4*p + 10*t + 145514, 4*p - 145522 = -3*t. Suppose -3*r = 2*z - 18173, -4*z + 2*r + p = -3*r. Is z prime?
True
Let x = -41 + 41. Let v be 1/(x + -2 - -3). Is (0 - v)/(444/(-443) - -1) composite?
False
Let g(q) = 29*q**2 - 8*q + 23. Suppose 0 = -5*m - 15, -y + 11 = -5*m + 2*m. Suppose -2*n + 2*h = -22, h = y*n + 2*n - 29. Is g(n) composite?
False
Let g be (-1614 - -17)/(3 - 2). Let l = 2684 + g. Is l a composite number?
False
Let j(v) = -1891*v - 2592. Is j(-43) prime?
True
Let h = 241362 + -138209. Is h a prime number?
False
Let y = 40069 + 22772. Is y a prime number?
False
Let z(c) = 505*c**2 - 75. Is z(16) composite?
True
Let h = 536 - 540. Is (-7)/14*-6378 - h composite?
True
Let a(p) = 3*p**3 - 2*p**2 + 3*p + 29. Let r = -236 + 242. Is a(r) a prime number?
False
Let b = 111 + -106. Let t(w) = 385*w - 19. Let p be t(b). Let x = p - 647. Is x a prime number?
True
Let b = -1365548 - -2123541. Is b composite?
False
Is 40/16*-585633*(-6)/45 prime?
False
Let c = -2163 - -3150. Let j = c - 484. Is j a prime number?
True
Let q(u) = 1132*u**2 + 27*u + 142. Is q(-13) composite?
False
Suppose 480*k + 598966 = 526*k. Is k composite?
True
Let x(k) = 55*k + 20. Let h be x(20). Suppose -4*a + t + 7513 = 0, -a + h = 2*t - 756. Let c = -817 + a. Is c a prime number?
True
Suppose 18*m - 11*m + 2115184 = 23*m. Is m a composite number?
False
Let q be (-3418)/(-2) - (20 - 20). Suppose 16680 = 7*n - q. Is n a prime number?
False
Let q(i) = 2*i**2 - 12*i + 851. Is q(-55) composite?
False
Let a be 414/4*16/24. Suppose -466 = -i + a. Suppose -4*v + i = -309. Is v prime?
True
Suppose 13*i - 9*i - k - 3 = 0, 2*k = -5*i + 20. Suppose -i*j + 5233 = 3*p, -3*p + 4279 = 5*j - 8781. Is j composite?
False
Suppose 0 = -48*v + 136820 + 135004. Is v a prime number?
False
Let q(h) = 21*h + 225. Let n be q(-11). Is (n/15)/((-42)/213045) a composite number?
False
Let q be 26*(-8 - -4)/8. Let t(m) = -634*m + 351. Is t(q) prime?
False
Suppose 9*p - 10*p + 4290 = 0. Let r = p - 3008. Is r a composite number?
True
Suppose 5*h - 60 = 3*p + p, -4*h - p = -27. Suppose -3*m + h = -b, -4 = -2*m + 2*b + 4. Suppose -m*l = -5*z + 1698 + 275, 0 = -z + l + 397. Is z a prime number?
False
Let g(p) = -110*p**2 - 33*p - 121. Let i be g(-4). Suppose -4*t = -t + 7908. Let n = i - t. Is n composite?
False
Let l = 92 + -71. Suppose l*j = 34*j - 15041. Is j composite?
True
Suppose -2085128 = 17373*c - 17381*c. Is c a prime number?
False
Suppose -26*y = -17*y + 27. Is 141/(-94)*16934/y composite?
False
Suppose -27*a + 303981 = 18888. Is a composite?
False
Let p = 414624 - 277061. Is p composite?
True
Suppose -5*m + 62 = -t, 3*m = -69*t + 65*t + 51. Is 104/m + (0 - -4743) a prime number?
True
Let c be 106/(-4)*14/7. Let s = 56 + c. Suppose 0 = -3*z - 4*t + 7583, s*t - 11341 - 1279 = -5*z. Is z a composite number?
False
Let c = -172 - -174. Suppose 5*n - 13357 = c*f, 2670 = n - f + 2*f. Is n a composite number?
False
Let p = 12666 + -3743. Suppose -61*z = -62*z + p. Is z a composite number?
False
Let i be (-3)/(-8) - (-19)/(1368/(-27)). Suppose -4*v + 7*z - 2*z + 25600 = i, 4*z = 3*v - 19201. Is v composite?
True
Suppose w = -2, -2*s - 5*w + 14901 = -4187. Suppose -5*o + s = 2*u - 2*o, o = -4*u + 19093. Suppose -3*f - 5*h = 542 - u, -2814 = -2*f - 2*h. Is f prime?
False
Let d = -12363 - -24370. Is d composite?
False
Suppose 0 = -z, n + z = 43 - 354. Let j = 182 - n. Is j a composite number?
True
Let y(l) = -2*l**3 + 19*l**2 - 10*l + 12. Suppose -2*x = 5*a - 33, -x + 15 = -a + 3*a. Let c be y(x). Suppose 6*k + c*k = 15669. Is k a composite number?
False
Let x(g) = 118*g + 6 + 12*g + 9 - 10. Is x(3) prime?
False
Let i = -333011 + 593088. Is i composite?
True
Let q(x) = 2*x**2 - 54*x + 2. Let v be q(27). Suppose 0 = -v*i + 6697 + 14289. Is i a composite number?
True
Let n = 84772 + -29465. Is n composite?
True
Suppose -2*k + 587405 = 3*t, -3*t - 5*k + 614906 = 27489. Is t composite?
True
Let s = -72 + 78. Let r be 184/(-8) - s/(-3). Is ((-2)/6)/((-7)/r)*-641 prime?
True
Let c be 3435/(-2) - (-3)/6. Let a = -28 - -37. Is (-4)/(-18) - c/a a prime number?
True
Let b = 116732 - 64915. Is b a composite number?
False
Suppose -3*r - 2*a = -976135, -21*a + 1301511 = 4*r - 16*a. Is r a prime number?
True
Suppose -97*u = -93*u + 25064. Let h = u + 11595. Is h composite?
True
Suppose 45 = 5*t, 558*y = 554*y - 3*t + 885859. Is y a composite number?
True
Let z = -62941 - -126318. Is z a composite number?
False
Let q be ((-2020)/6)/(25/(6300/24)). Let x = q - -5256. Is x a composite number?
False
Suppose -y = 5*p + 6, 7*p = 3*p. Let h be (-1)/(-4) - (-26)/(-8). Is h*y/(-9) + 205 a composite number?
True
Let m(c) = 1705*c**3 - 3*c**2 - 1. Let v(q) = -1706*q**3 + 2*q**2 - q + 2. Let x(o) = -2*m(o) - 3*v(o). Suppose 2 = 8*i - 6*i. Is x(i) a composite number?
True
Suppose -15*p + 232 = -44*p. Let i = 4411 + -9803. Is i/(-6) - p/24 prime?
False
Let z = -3 - -1759. Let b = 3639 - z. Is b composite?
True
Suppose -3*h + 631305 = 3*g, -42*h = -g - 44*h + 210431. Is g composite?
True
Suppose 5*t + 1188650 = 5*x, -2*t + 244764 = -3*x + 957951. Is x a prime number?
False
Let h be 4*(-2)/12 - (-1150)/15. Suppose 0 = -0*s + 4*s - 328. Suppose -h*g + s*g = 9582. Is g prime?
True
Let v be (-624)/(-45) + (52/30)/13. Suppose -13*r = -v*r + 17521. Is r a prime number?
False
Let s(o) = 9*o + 233. Let k be s(-23). Suppose 0 = k*n - 3*n - 201917. Is n a prime number?
True
Let x(h) = -h**3 - 19*h**2 - 37*h - 53. Let d be x(-17). Suppose -c + 24 = 4*z, 18 = -0*z + 3*z - 3*c. Is 939/z - 1/d a composite number?
False
Let x be (-184 + -2 + 1)*1232/(-16). Suppose 0 = -2*k + 3*y + x, k - 3474 = -2*y + 3645. Is k a composite number?
False
Suppose 2*x - 43594 = 4*v, 21*x - 24*x = 5*v - 65325. Is x composite?
True
Suppose -32 = 2*x - 56. Suppose -2*v + 12 + x = 0. Is 3/v + 747/36 a prime number?
False
Is (15/6 - -1)/((-35)/(-7490)) composite?
True
Suppose -a - 3*h + 3253 = 0, 7*a + 12984 = 11*a + 5*h. Suppose 10*n - a = 3*n. Is n prime?
True
Suppose -4*k + 0*k = -4*g - 8, -3*g - k = -14. Let z(c) = 13 - 12 + 174*c + 468*c - 152*c. Is z(g) a composite number?
False
Let v(q) = -3*q**3 + q**2 - q - 1. Let g be v(-1). Let s(m) = 20*m**2 + 8. Let y be s(g). Let f = y - 215. Is f a prime number?
True
Let w = 16310 + -5027. Is w a composite number?
True
Suppose -4*k = -97057 - 404155. Suppose -k = 3*d + 2*p, -2*d + 3*p = d + 125313. Is 2/4 + (d/(-6))/3 a composite number?
True
Let k(u) = -7*u**3 - 3*u**2 - 8*u + 7. Let i be (-12)/30 + 33/(-5). Is k(i) prime?
False
Suppose -54*k = -29*k - 300. Suppose 0 = -k*i + 9*i + 17751. 